i + 2*s + 16. Give x(i).
16
Let y(v) be the third derivative of -v**6/120 + v**5/30 - v**4/8 + v**3/3 - 2*v**2 - 153*v. Give y(1).
0
Let z(c) be the first derivative of -3*c**2 + 62 + 6*c - 1/3*c**3. Give z(-7).
-1
Suppose 570*p - 65 = 505. Let m(t) = -t - 1. Let o(a) = 5*a**2 - 7*a - 6. Let j(n) = -6*m(n) + o(n). Calculate j(p).
4
Let s(b) = -b**2 - 17*b - 4. Let i = 507 - 479. Suppose 4*f = n + i, 4*n = -3*f + 1 - 56. Determine s(n).
12
Let b(a) = 21*a**3 - a**2 + 2*a - 1. Let i be (225 + -220)*(4/(-5) + 1). Calculate b(i).
21
Let v(w) = -86*w - 342. Let a be v(-4). Let k(l) = -4 + 0 + l - l + l. Let m(j) = 3*j - 9. Let d(p) = -5*k(p) + 2*m(p). Give d(a).
4
Let l(s) = s**3 - 4*s**2 + 2*s + 3. Let w be l(3). Suppose w = -10*z + 19 + 91. Let f(t) = 20*t - z*t - 8*t - 8. Give f(7).
-1
Let m(j) = j**3 + 4*j**2 - 6*j - 1. Let q(s) be the first derivative of -s**4/4 - 2*s**3/3 - s**2 - 5*s + 91. Let y be q(0). What is m(y)?
4
Suppose 0 = 2*w + 4*n - 21 - 13, 0 = -3*w + n - 5. Let b(r) = -8*r + 6*r + 3*r - 6*r**2. Calculate b(w).
-5
Let m(w) = -w**2 + 7*w. Let u be (-3)/((-18)/84) + 1. Let y be 188/20 - 6/u. Give m(y).
-18
Let n be 8/2 + 7/((-21)/(-6)). Suppose 0 = -5*o - 4*d + 17, 7*d = 5*d + n. Let f(y) = -o + 0 - 2*y + 10 - 2. Give f(5).
-3
Let h(j) = -j - 7. Let l(n) = -2*n**3 - 66*n**2 - 2*n - 70. Suppose 4*k + 90 = 5*m - 47, -3*m = 3*k + 96. Let t be l(k). What is h(t)?
-3
Let j be (-60)/(-15) + (-2 - -5)/1. Suppose 1620 = -j*k + 1564. Let w(a) = -a**3 - 9*a**2 - 9*a - 5. Give w(k).
3
Let f(j) = -j - 2 + 2*j - 23 + 0*j. Let d be -2*2/4*0. Give f(d).
-25
Let g(o) be the first derivative of o**4/4 - 4*o**3/3 - 3*o**2/2 + 5*o - 1104. Suppose 4*d + 31 = 5*f + 2*d, 5*f - 34 = 3*d. Calculate g(f).
15
Suppose j + 3*y - 9 = -3*j, 40 = 5*j - 2*y. Let h(b) = -j + 12*b - b - 12*b. Let w(u) = u**3 + 3*u**2 + u - 2. Let d be w(-3). Give h(d).
-1
Let x(f) be the third derivative of f**7/1260 - f**6/180 - f**5/12 + f**4/2 + f**2 + 42. Let q(w) be the third derivative of x(w). Calculate q(7).
24
Let n(q) be the second derivative of -2*q**3/3 + q**2 - 341*q. Suppose -4*w = 16 - 64. Suppose 2*z = 2*t - 8, 4*t + 5 = -5*z + w. What is n(t)?
-10
Let x(s) = -s - 1 + s**2 - 2*s + 2*s + 8*s + 2. Let t = 119 + -124. What is x(t)?
-9
Let m(h) be the first derivative of 78 - h - 7/2*h**2. Give m(-4).
27
Let m be (-2)/(-4) - ((-1490)/(-76) + (-22)/209). Let d(b) = -b**2 - 18*b + 22. Calculate d(m).
3
Suppose 0 = -8*v + 24 + 40. Suppose 23*h - 9 = z + 19*h, -5*h = -z - v. Let w(u) = 2*u + 16. Give w(z).
-10
Suppose 2802 = 66*k + 2538. Let m(z) = 6*z**2 + 6*z - 27. What is m(k)?
93
Let k(l) = -l**2 + 3*l + 5. Suppose -3*b = 2*o - 26, -5*b + 4*b + 4*o - 10 = 0. Suppose b = -q + 4*a + 3, -24 = -4*q - 2*a. Calculate k(q).
-5
Let j(f) = 21*f**3 - 3*f**2 - 3*f - 1. Suppose 3*m + 68 = -104*m - 39. What is j(m)?
-22
Let m(r) = 9*r**2 + 62*r + 162. Let b be m(-3). Let p(h) = 10*h - 565. Give p(b).
5
Let q(p) = p**3 - 7*p**2 - 10*p + 8. Suppose -828 = -23*i + 5*i. Suppose -i*m + 320 = -6*m. What is q(m)?
-8
Let n(y) = y**2 + 2*y + 1. Let g(h) = h**3 + 8*h**2 + 7*h. Let d(p) = g(p) - 2*n(p). Let x be 15/(120/(-64)) - -5. Give d(x).
16
Let h(a) = -8*a - 99. Let d(m) = m**2 + 16*m + 27. Let j be d(-13). Determine h(j).
-3
Let k(w) be the third derivative of -w**6/120 - w**5/20 + w**4/4 - 13*w**3/6 + 11*w**2 - 2*w. Determine k(-5).
7
Let i(l) = -137*l + 680. Let j be (-4284)/(-748) - 16/22. Determine i(j).
-5
Let r(l) be the third derivative of 1/12*l**4 + 0*l + 61*l**2 - 3/2*l**3 + 0. Give r(4).
-1
Let g = -27 - -35. Suppose -g = -2*t + 2. Suppose -t*p - 2 = -4*p. Let z(h) = -h**3 - 4*h**2 - 2*h + 1. Determine z(p).
-3
Let k(o) = o**3 + o + 1. Suppose 4*w = 5*x - 6*x - 17, 3*x + 5*w = -16. Let g be ((-76)/(-95))/(x/(-5) - -1). Calculate k(g).
11
Let k(f) = f**2 + 13*f + 11. Let t(y) = -22*y - 291. Let a be t(-13). Determine k(a).
-29
Let o(n) = n**2 + n + 1. Let c = -93 - -35. Let q = c - -59. Let k be q - (-1)/(2/(-4)). Determine o(k).
1
Suppose 218 = -7*h + 1464. Suppose h = q + 176. Let t(s) = s**3 - s**2 + 3*s - 3. What is t(q)?
7
Let w(g) = 8 + 20*g**2 + 4*g**3 - 11*g - 8 + 3*g - 2 - 8*g**2. Give w(-4).
-34
Let m(l) be the first derivative of -120 - 1/3*l**3 - 5*l + 6*l**2. Calculate m(11).
6
Let b(k) be the first derivative of -3*k - 39*k**3 - 94 - 35*k**3 + 73*k**3 - 2*k**2. What is b(-2)?
-7
Let q = 530 + -522. Let f(c) = 5*c + 10. What is f(q)?
50
Let f(u) be the second derivative of -u**5/20 + u**4/12 - u**3/2 + u**2/2 + u + 68214. Suppose 0 = 5*z - 6 - 4. Give f(z).
-9
Suppose 18637 = -7*t + 18637. Let x(w) = w**2 + 1 - w - 5 - 2. Give x(t).
-6
Let a = 7 - 2. Let w(x) = -2*x**3 + 17*x**2 + 6*x - 17. Let o(m) = m**3 - 8*m**2 - 3*m + 7. Let n(b) = -9*o(b) - 4*w(b). Calculate n(a).
-5
Let a(v) = 2*v - 6. Let m be 14/(-77) - 831/(-33). Suppose 3*u - 2*u + 13 = 4*c, -4*c - 3*u = -m. Determine a(c).
2
Let z(j) = -42*j**2 - 38*j - 37. Let b(y) = -23*y**2 - 21*y - 19. Let k(g) = -11*b(g) + 6*z(g). Give k(-3).
-13
Let j(s) = -s**2 + 36*s - 308. Let n be j(14). Let b(x) = x**2 + 2*x - 1. Calculate b(n).
-1
Let h = 750 + -207. Let t = 532 - h. Let n(i) = i + 6. What is n(t)?
-5
Let q(k) = k**2 + 3*k - 3. Suppose 0 = 2*a - 2*s - 226, -4*a = -3*a + 5*s - 83. Let b = a - 97. Suppose i = -3*r + b, 5*r + 5*i - 11 - 24 = 0. Give q(r).
7
Let y be 1/5 + 672/240. Let h(r) = -2*r + 9*r**2 + 3*r - 9*r - r**y. Give h(8).
0
Let v(w) = -5*w**2. Let m(x) = 21*x**2 - 2*x - 1. Let t(q) = 4*m(q) + 17*v(q). Determine t(-8).
-4
Suppose -4*t = 25*n - 21*n - 124, -3*n = 5*t - 163. Suppose 21*q + t = 14. Let s(j) = 3*j**2 - 1. Calculate s(q).
2
Suppose 6*j - 4*j = -3*u - 5, -5 = u. Let w(p) = p + 17. Let n(c) = c + 8. Let z(g) = j*n(g) - 3*w(g). Let a(k) = k**2 - 3*k - 2. Let y be a(5). Determine z(y).
5
Let g(v) = 14*v + 1103. Let u be g(-79). Let w(l) be the second derivative of -l**4/12 + l**3/3 - 2*l**2 + 2*l. Give w(u).
-19
Let i = -277 + 275. Let v(d) = -3*d - 9 + 5*d - 4*d - 2. Let y(c) = c + 6. Let p(x) = -3*v(x) - 5*y(x). Give p(i).
1
Let f(h) = -2*h + 1. Suppose -4*d = n - 14, -2*d = -8*n + 5*n - 14. Let m(k) = k**2 - 7*k + 11. Let i be m(d). What is f(i)?
3
Let u(p) = 9*p**3 - 10*p**2 + 5*p - 26. Let i(a) = -23*a**3 + 19*a**2 - 6*a + 51. Let d(s) = 2*i(s) + 5*u(s). Calculate d(-13).
-28
Let p(r) = -r**2 - 21*r + 825. Let c be p(-41). Let v(b) = 2*b**2 - 10*b + 7. Give v(c).
7
Let k(a) = 11*a**2 - 156 - 2*a**3 - 8*a + 92 + 77. What is k(6)?
-71
Let u(v) = -4*v + 621. Let q(k) = -310. Let t(m) = -5*q(m) - 2*u(m). Determine t(-38).
4
Let u(x) be the third derivative of -x**6/120 + x**5/15 + x**4/12 - 7*x**3/2 + 7376*x**2. What is u(3)?
-6
Let i = 45 - 40. Let f = i + -2. Suppose 0 = -f*z + 2*u + 2 + 9, -3*u - 11 = z. Let p(y) = 9*y + 1. Determine p(z).
10
Let y(b) = 0 - b + 1 - 2 - b. Let x = 64 - 65. Let v be (x/2 + -1)*(-2)/(-3). Determine y(v).
1
Suppose 9*i = 9 + 27. Let p(q) = 398*q - 5 + 0*q**2 - 407*q + i*q**2 + q**3. Give p(-6).
-23
Suppose 230 = -49*k + 26*k. Let c(j) = -8*j - 77. Calculate c(k).
3
Let i(p) = -2*p**3 - 6*p**2 + 10*p + 4. Let v(b) = 3*b + 0*b**3 - 11*b**3 + 1 + 10*b**3 - b. Let t(o) = -i(o) + v(o). Give t(-7).
4
Let l = -16 - -10. Let q(z) be the first derivative of -1/4*z**4 - 7/3*z**3 - z**2 + 4*z - 171. Determine q(l).
-20
Let x(v) = -7 - 70*v**2 - v**3 + 45*v**2 + v + 38. Let g be x(-25). Let s(l) = 2*l - 3. Calculate s(g).
9
Let f(b) be the first derivative of 11*b**2/2 + 6*b + 1670. Calculate f(3).
39
Let z(x) = -3*x - 9. Suppose 2*y - 33 = 3*l, -24*y - 2*l = -27*y + 52. Suppose -119*v + 117*v = -y. Give z(v).
-36
Let y(g) be the second derivative of g**4/3 + g**3 + 3*g**2 - 22*g. What is y(-3)?
24
Let d(g) = -13*g - 1. Suppose 2*w - 3*w = 0, 5*u + 5 = 4*w. Let j be 9 + 1/u + (-6)/2. Let b(z) = 14*z + 1. Let f(n) = j*b(n) + 4*d(n). Calculate f(1).
19
Let b(o) = 17*o**3 + 24*o**2 - 11*o + 20. Let r(u) = 4*u**3 + 7*u**2 - 1. Let c(g) = b(g) - 4*r(g). What is c(5)?
-6
Let g(w) = -w**2 - 5*w + 27. Let r = -2418 + 2411. What is g(r)?
13
Let s(j) = j**3 - j**2 + j + 237. Let k be s(0). Let g = 238 - k. Let z(u) = 4*u**2 - 2*u + 1. What is z(g)?
3
Suppose 2*c = p + 15, 2 + 37 = 4*c - 5*p. Suppose v + 10 = c*v. Let q(r) = -2*r**2 + r**2 - r**3 - 9*r - v + 8*r. What is q(